
What are the prime factors of 16525?
5, 661
What are the prime factors of 244?
2, 61
What are the prime factors of 2411?
2411
List the prime factors of 1443.
3, 13, 37
List the prime factors of 719.
719
What are the prime factors of 69?
3, 23
What are the prime factors of 57658?
2, 127, 227
What are the prime factors of 6860?
2, 5, 7
What are the prime factors of 37108?
2, 9277
List the prime factors of 1412.
2, 353
List the prime factors of 14325.
3, 5, 191
What are the prime factors of 633?
3, 211
List the prime factors of 67533.
3, 22511
What are the prime factors of 972?
2, 3
What are the prime factors of 15173?
15173
What are the prime factors of 487?
487
What are the prime factors of 218?
2, 109
List the prime factors of 3804.
2, 3, 317
List the prime factors of 7653.
3, 2551
List the prime factors of 3091.
11, 281
What are the prime factors of 48712?
2, 6089
List the prime factors of 16528.
2, 1033
What are the prime factors of 1230?
2, 3, 5, 41
List the prime factors of 5854.
2, 2927
List the prime factors of 7328.
2, 229
List the prime factors of 63344.
2, 37, 107
What are the prime factors of 2375?
5, 19
List the prime factors of 11792.
2, 11, 67
List the prime factors of 1266.
2, 3, 211
What are the prime factors of 1503?
3, 167
What are the prime factors of 138?
2, 3, 23
List the prime factors of 5284.
2, 1321
What are the prime factors of 3818?
2, 23, 83
What are the prime factors of 141705?
3, 5, 47, 67
What are the prime factors of 3657?
3, 23, 53
List the prime factors of 13069.
7, 1867
List the prime factors of 32108.
2, 23, 349
What are the prime factors of 44641?
44641
What are the prime factors of 106771?
7, 2179
List the prime factors of 1771.
7, 11, 23
What are the prime factors of 939?
3, 313
List the prime factors of 41262.
2, 3, 13, 23
What are the prime factors of 4563?
3, 13
List the prime factors of 16825.
5, 673
List the prime factors of 152292.
2, 3, 7, 37
What are the prime factors of 1835?
5, 367
What are the prime factors of 7156?
2, 1789
List the prime factors of 9251.
11, 29
List the prime factors of 28124.
2, 79, 89
List the prime factors of 3765.
3, 5, 251
What are the prime factors of 1125?
3, 5
List the prime factors of 15293.
41, 373
What are the prime factors of 9715?
5, 29, 67
What are the prime factors of 7420?
2, 5, 7, 53
What are the prime factors of 9101?
19, 479
What are the prime factors of 224?
2, 7
List the prime factors of 28714.
2, 7, 293
List the prime factors of 23.
23
List the prime factors of 2938.
2, 13, 113
List the prime factors of 13731.
3, 23, 199
List the prime factors of 341.
11, 31
What are the prime factors of 1701?
3, 7
What are the prime factors of 14507?
89, 163
What are the prime factors of 53580?
2, 3, 5, 19, 47
List the prime factors of 1296.
2, 3
What are the prime factors of 17483?
17483
What are the prime factors of 1177?
11, 107
List the prime factors of 34557.
3, 11519
What are the prime factors of 9959?
23, 433
List the prime factors of 38619.
3, 7, 613
List the prime factors of 107536.
2, 11, 13, 47
What are the prime factors of 2892?
2, 3, 241
What are the prime factors of 32?
2
List the prime factors of 13458.
2, 3, 2243
What are the prime factors of 943?
23, 41
List the prime factors of 6630.
2, 3, 5, 13, 17
List the prime factors of 10446.
2, 3, 1741
List the prime factors of 27074.
2, 13537
List the prime factors of 1551.
3, 11, 47
What are the prime factors of 6701?
6701
List the prime factors of 13832.
2, 7, 13, 19
What are the prime factors of 70022?
2, 157, 223
What are the prime factors of 632?
2, 79
List the prime factors of 55708.
2, 19, 733
What are the prime factors of 10429?
10429
What are the prime factors of 1202?
2, 601
List the prime factors of 871.
13, 67
List the prime factors of 17546.
2, 31, 283
List the prime factors of 23556.
2, 3, 13, 151
What are the prime factors of 6674?
2, 47, 71
What are the prime factors of 818?
2, 409
List the prime factors of 1225.
5, 7
What are the prime factors of 77282?
2, 17, 2273
List the prime factors of 9488.
2, 593
What are the prime factors of 35375?
5, 283
What are the prime factors of 1794?
2, 3, 13, 23
What are the prime factors of 6482?
2, 7, 463
What are the prime factors of 58654?
2, 29327
List the prime factors of 25142.
2, 13, 967
What are the prime factors of 108114?
2, 3, 37, 487
List the prime factors of 9981.
3, 1109
List the prime factors of 19702.
2, 9851
What are the prime factors of 98835?
3, 5, 11, 599
List the prime factors of 579.
3, 193
What are the prime factors of 23035?
5, 17, 271
What are the prime factors of 9755?
5, 1951
List the prime factors of 48960.
2, 3, 5, 17
What are the prime factors of 2533?
17, 149
What are the prime factors of 4636?
2, 19, 61
List the prime factors of 7944.
2, 3, 331
List the prime factors of 45253.
13, 59
What are the prime factors of 4274?
2, 2137
List the prime factors of 13251.
3, 7, 631
What are the prime factors of 12218?
2, 41, 149
List the prime factors of 1250.
2, 5
What are the prime factors of 21571?
11, 37, 53
What are the prime factors of 7180?
2, 5, 359
What are the prime factors of 3595?
5, 719
What are the prime factors of 949?
13, 73
List the prime factors of 132915.
3, 5, 8861
What are the prime factors of 2419?
41, 59
List the prime factors of 54024.
2, 3, 2251
List the prime factors of 43955.
5, 59, 149
What are the prime factors of 1281?
3, 7, 61
List the prime factors of 225.
3, 5
List the prime factors of 42554.
2, 21277
What are the prime factors of 14804?
2, 3701
List the prime factors of 40088.
2, 5011
What are the prime factors of 23425?
5, 937
What are the prime factors of 2412?
2, 3, 67
What are the prime factors of 3244?
2, 811
List the prime factors of 6093.
3, 677
What are the prime factors of 12383?
7, 29, 61
What are the prime factors of 120534?
2, 3, 20089
What are the prime factors of 126844?
2, 19, 1669
What are the prime factors of 21576?
2, 3, 29, 31
What are the prime factors of 3120?
2, 3, 5, 13
What are the prime factors of 953?
953
List the prime factors of 1392.
2, 3, 29
List the prime factors of 91241.
23, 3967
What are the prime factors of 16651?
16651
What are the prime factors of 9507?
3, 3169
List the prime factors of 14148.
2, 3, 131
List the prime factors of 1542.
2, 3, 257
What are the prime factors of 17655?
3, 5, 11, 107
List the prime factors of 9408.
2, 3, 7
What are the prime factors of 19349?
11, 1759
List the prime factors of 9321.
3, 13, 239
List the prime factors of 1442.
2, 7, 103
What are the prime factors of 11775?
3, 5, 157
List the prime factors of 132.
2, 3, 11
What are the prime factors of 13947?
3, 4649
What are the prime factors of 46674?
2, 3, 2593
List the prime factors of 311.
311
List the prime factors of 1208.
2, 151
What are the prime factors of 1560?
2, 3, 5, 13
List the prime factors of 9084.
2, 3, 757
List the prime factors of 77418.
2, 3, 11, 17, 23
List the prime factors of 1543.
1543
List the prime factors of 28155.
3, 5, 1877
What are the prime factors of 113?
113
List the prime factors of 26054.
2, 7, 1861
List the prime factors of 39400.
2, 5, 197
List the prime factors of 70236.
2, 3, 1951
What are the prime factors of 157436?
2, 39359
What are the prime factors of 1234?
2, 617
List the prime factors of 1477.
7, 211
List the prime factors of 30.
2, 3, 5
What are the prime factors of 753?
3, 251
What are the prime factors of 484?
2, 11
What are the prime factors of 2660?
2, 5, 7, 19
List the prime factors of 2253.
3, 751
List the prime factors of 21435.
3, 5, 1429
List the prime factors of 445.
5, 89
List the prime factors of 2925.
3, 5, 13
List the prime factors of 40214.
2, 20107
What are the prime factors of 4272?
2, 3, 89
List the prime factors of 16777.
19, 883
What are the prime factors of 28717?
13, 47
List the prime factors of 2641.
19, 139
List the prime factors of 2942.
2, 1471
List the prime factors of 184.
2, 23
List the prime factors of 15622.
2, 73, 107
What are the prime factors of 11878?
2, 5939
List the prime factors of 314.
2, 157
List the prime factors of 65852.
2, 101, 163
What are the prime factors of 19433?
19433
List the prime factors of 90211.
11, 59, 139
List the prime factors of 17846.
2, 8923
List the prime factors of 1345.
5, 269
What are